109
List the prime factors of 35358.
2, 3, 71, 83
List the prime factors of 1415.
5, 283
What are the prime factors of 12340?
2, 5, 617
List the prime factors of 3570.
2, 3, 5, 7, 17
List the prime factors of 1855.
5, 7, 53
List the prime factors of 635.
5, 127
List the prime factors of 60971.
19, 3209
List the prime factors of 5803.
7, 829
List the prime factors of 858.
2, 3, 11, 13
List the prime factors of 1389.
3, 463
What are the prime factors of 457?
457
What are the prime factors of 1141?
7, 163
What are the prime factors of 76382?
2, 181, 211
List the prime factors of 513.
3, 19
List the prime factors of 958.
2, 479
List the prime factors of 108333.
3, 12037
What are the prime factors of 16903?
16903
List the prime factors of 13734.
2, 3, 7, 109
What are the prime factors of 4693?
13, 19
List the prime factors of 3387.
3, 1129
List the prime factors of 1786.
2, 19, 47
What are the prime factors of 65796?
2, 3, 5483
List the prime factors of 14902.
2, 7451
What are the prime factors of 3395?
5, 7, 97
What are the prime factors of 57612?
2, 3, 4801
What are the prime factors of 36165?
3, 5, 2411
What are the prime factors of 64156?
2, 43, 373
What are the prime factors of 123311?
123311
List the prime factors of 34533.
3, 1279
What are the prime factors of 15361?
15361
List the prime factors of 1649.
17, 97
List the prime factors of 17168.
2, 29, 37
List the prime factors of 679.
7, 97
List the prime factors of 37796.
2, 11, 859
List the prime factors of 15427.
15427
List the prime factors of 23322.
2, 3, 13, 23
List the prime factors of 11500.
2, 5, 23
List the prime factors of 1559.
1559
List the prime factors of 1274.
2, 7, 13
List the prime factors of 32646.
2, 3, 5441
What are the prime factors of 471?
3, 157
List the prime factors of 85.
5, 17
List the prime factors of 9210.
2, 3, 5, 307
What are the prime factors of 6871?
6871
List the prime factors of 75178.
2, 37589
What are the prime factors of 13831?
13831
List the prime factors of 11561.
11, 1051
List the prime factors of 87814.
2, 23, 83
List the prime factors of 683.
683
List the prime factors of 23557.
23557
List the prime factors of 4040.
2, 5, 101
What are the prime factors of 407?
11, 37
List the prime factors of 6909.
3, 7, 47
What are the prime factors of 4509?
3, 167
What are the prime factors of 35545?
5, 7109
What are the prime factors of 13701?
3, 4567
What are the prime factors of 2005?
5, 401
List the prime factors of 120913.
13, 71, 131
List the prime factors of 22709.
22709
What are the prime factors of 15388?
2, 3847
List the prime factors of 2480.
2, 5, 31
What are the prime factors of 14389?
14389
What are the prime factors of 31504?
2, 11, 179
List the prime factors of 31873.
31873
List the prime factors of 867.
3, 17
List the prime factors of 4878.
2, 3, 271
What are the prime factors of 120361?
37, 3253
What are the prime factors of 11791?
13, 907
List the prime factors of 27492.
2, 3, 29, 79
List the prime factors of 17625.
3, 5, 47
List the prime factors of 288.
2, 3
What are the prime factors of 5290?
2, 5, 23
List the prime factors of 6078.
2, 3, 1013
List the prime factors of 2682.
2, 3, 149
List the prime factors of 1462.
2, 17, 43
List the prime factors of 48463.
48463
List the prime factors of 3979.
23, 173
What are the prime factors of 1835?
5, 367
List the prime factors of 8326.
2, 23, 181
List the prime factors of 10877.
73, 149
List the prime factors of 6308.
2, 19, 83
What are the prime factors of 3582?
2, 3, 199
What are the prime factors of 15374?
2, 7687
What are the prime factors of 8463?
3, 7, 13, 31
List the prime factors of 632.
2, 79
What are the prime factors of 206501?
206501
What are the prime factors of 10504?
2, 13, 101
What are the prime factors of 3721?
61
What are the prime factors of 43?
43
What are the prime factors of 3203?
3203
List the prime factors of 1270.
2, 5, 127
List the prime factors of 21594.
2, 3, 59, 61
List the prime factors of 5135.
5, 13, 79
List the prime factors of 1369.
37
List the prime factors of 4856.
2, 607
What are the prime factors of 2646?
2, 3, 7
What are the prime factors of 32752?
2, 23, 89
List the prime factors of 17167.
17167
What are the prime factors of 2400?
2, 3, 5
List the prime factors of 4552.
2, 569
List the prime factors of 102342.
2, 3, 37, 461
What are the prime factors of 28553?
7, 4079
List the prime factors of 5582.
2, 2791
What are the prime factors of 58943?
58943
List the prime factors of 1357.
23, 59
What are the prime factors of 636?
2, 3, 53
What are the prime factors of 373?
373
What are the prime factors of 6658?
2, 3329
List the prime factors of 32.
2
What are the prime factors of 5969?
47, 127
List the prime factors of 11666.
2, 19, 307
What are the prime factors of 906?
2, 3, 151
List the prime factors of 16944.
2, 3, 353
What are the prime factors of 4675?
5, 11, 17
What are the prime factors of 16418?
2, 8209
List the prime factors of 16435.
5, 19, 173
List the prime factors of 27513.
3, 1019
List the prime factors of 39182.
2, 11, 13, 137
What are the prime factors of 773?
773
List the prime factors of 363.
3, 11
What are the prime factors of 276?
2, 3, 23
List the prime factors of 14692.
2, 3673
List the prime factors of 1040.
2, 5, 13
What are the prime factors of 1120?
2, 5, 7
List the prime factors of 28025.
5, 19, 59
What are the prime factors of 23537?
23537
What are the prime factors of 107832?
2, 3, 4493
What are the prime factors of 3677?
3677
What are the prime factors of 13714?
2, 6857
What are the prime factors of 4229?
4229
List the prime factors of 17113.
109, 157
What are the prime factors of 1722?
2, 3, 7, 41
What are the prime factors of 74913?
3, 24971
List the prime factors of 678.
2, 3, 113
List the prime factors of 8404.
2, 11, 191
List the prime factors of 413.
7, 59
What are the prime factors of 51082?
2, 25541
List the prime factors of 602.
2, 7, 43
List the prime factors of 4274.
2, 2137
What are the prime factors of 1600?
2, 5
List the prime factors of 5753.
11, 523
List the prime factors of 7011.
3, 19, 41
What are the prime factors of 1336?
2, 167
List the prime factors of 1986.
2, 3, 331
What are the prime factors of 736?
2, 23
List the prime factors of 29521.
53, 557
What are the prime factors of 122?
2, 61
List the prime factors of 1068.
2, 3, 89
What are the prime factors of 4980?
2, 3, 5, 83
List the prime factors of 56435.
5, 11287
List the prime factors of 2220.
2, 3, 5, 37
What are the prime factors of 218?
2, 109
List the prime factors of 46762.
2, 103, 227
List the prime factors of 822.
2, 3, 137
What are the prime factors of 4470?
2, 3, 5, 149
List the prime factors of 21523.
21523
What are the prime factors of 169400?
2, 5, 7, 11
What are the prime factors of 12253?
12253
What are the prime factors of 11444?
2, 2861
What are the prime factors of 3577?
7, 73
List the prime factors of 27240.
2, 3, 5, 227
List the prime factors of 872.
2, 109
List the prime factors of 7841.
7841
What are the prime factors of 4109?
7, 587
What are the prime factors of 2943?
3, 109
What are the prime factors of 10894?
2, 13, 419
List the prime factors of 1266.
2, 3, 211
List the prime factors of 2495.
5, 499
List the prime factors of 195.
3, 5, 13
What are the prime factors of 72589?
11, 6599
List the prime factors of 1402.
2, 701
What are the prime factors of 351?
3, 13
What are the prime factors of 106?
2, 53
List the prime factors of 8033.
29, 277
List the prime factors of 472.
2, 59
What are the prime factors of 11367?
3, 421
What are the prime factors of 44871?
3, 14957
What are the prime factors of 75436?
2, 18859
List the prime factors of 8537.
8537
List the prime factors of 60838.
2, 19, 1601
List the prime factors of 3452.
2, 863
List the prime factors of 8118.
2, 3, 11, 41
What are the prime factors of 2808?
2, 3, 13
List the prime factors of 25389.
3, 7, 13, 31
List the prime factors of 163728.
2, 3, 379
What are the prime factors of 27046?
2, 13523
What are the prime factors of 19011?
3, 6337
What are the prime factors of 1614?
2, 3, 269
What are the prime factors of 760?
2, 5, 19
What are the prime factors of 2810?
2, 5, 281
What are the prime factors of 1612?
2, 13, 31
List the prime factors of 117655.
5, 23531
List the prime fa